what is 111555 - 31200?
40355
In base 10, what is -5639 + 92?
-5547
In base 2, what is -1111111111100 + -10110?
-10000000010010
In base 8, what is 43465 + -1527?
41736
In base 14, what is -2 + -27ac20?
-27ac22
In base 5, what is 111303 + 10420334?
11032142
In base 10, what is 33744 + 42?
33786
In base 14, what is 15bdd6 - 94?
15bd42
In base 13, what is -10832 + -6276?
-16aa8
In base 9, what is -8242 - -658?
-7473
In base 5, what is 13334201404 + 10?
13334201414
In base 14, what is -381109 + 39?
-3810b0
In base 15, what is -b62a4 - 166?
-b641a
In base 2, what is 10101010 + 110010111101001111000?
110010111101100100010
In base 8, what is -542253102 + 3?
-542253077
In base 11, what is -a50 + a192?
9242
In base 3, what is 1 - -1012000111020020?
1012000111020021
In base 4, what is 2010331323310 - 11?
2010331323233
In base 5, what is 14 - 143334012?
-143333443
In base 9, what is 4 - -38663065?
38663070
In base 6, what is -4304534 - -255?
-4304235
In base 6, what is 43222414 - 45?
43222325
In base 15, what is 4ceb723 - 1?
4ceb722
In base 5, what is 102132034 - -141?
102132230
In base 11, what is -711 + -16767a?
-168290
In base 11, what is 94091 - -110?
941a1
In base 8, what is -1 + -2767757004?
-2767757005
In base 10, what is -892 + 7121?
6229
In base 14, what is b454539 - c?
b45452b
In base 4, what is 11000113100223 + 2?
11000113100231
In base 5, what is 11 - -40303344?
40303410
In base 8, what is -373633464 - 5?
-373633471
In base 5, what is 1241104 - 2020233?
-224124
In base 7, what is -5115164 - -430?
-5114434
In base 2, what is -100001110 - 101110110001110?
-101111010011100
In base 11, what is 35 - -1068895?
106891a
In base 13, what is 1863b + -553?
180b8
In base 4, what is 110132130302033 - 10?
110132130302023
In base 5, what is -21113110241 + -20?
-21113110311
In base 4, what is 21310 - -11021?
32331
In base 12, what is -57289 + -8?
-57295
In base 16, what is 28c80 + -4c7?
287b9
In base 12, what is -228277 + 518?
-22795b
In base 8, what is 4 + -7601453?
-7601447
In base 12, what is 4 - -9577a8?
9577b0
In base 13, what is 16c7 - 1a36?
-33c
In base 15, what is -5 + 1067010?
106700a
In base 15, what is 135 + 17e3d?
18073
In base 4, what is -130123033 - -100?
-130122333
In base 7, what is -31 + 12541451?
12541420
In base 13, what is 5 - 32b875?
-32b870
In base 2, what is 10 - -100101000001011011000111?
100101000001011011001001
In base 11, what is 834851a4 + -5?
8348519a
In base 11, what is 3 - 5639840?
-5639838
In base 15, what is 7 - -1c7392?
1c7399
In base 15, what is 1600 - 189a?
-29a
In base 16, what is -18 + -99f95?
-99fad
In base 2, what is 10001110101101000000011 + -101?
10001110101100111111110
In base 10, what is -1156 - 20313?
-21469
In base 6, what is -150313535 + -1?
-150313540
In base 11, what is -1a159a54 - -7?
-1a159a48
In base 10, what is 4 - 207008563?
-207008559
In base 6, what is 33 + 42131551?
42132024
In base 6, what is -320124514101 - -2?
-320124514055
In base 12, what is 1457 + 389?
1824
In base 7, what is 0 + 10360265336?
10360265336
In base 12, what is -5 - 6507b45?
-6507b4a
In base 3, what is -220112000220 + -10221200?
-220122222120
In base 4, what is 0 + 2122120323003?
2122120323003
In base 13, what is 2 - -c1b8545?
c1b8547
In base 2, what is 11101 + 100011110011110100100000?
100011110011110100111101
In base 12, what is -1538a7 + -57?
-153942
In base 15, what is 4702b + -67?
46eb4
In base 6, what is 2 - 3240101202?
-3240101200
In base 10, what is 1414654 - -2?
1414656
In base 15, what is 3 + -10d140?
-10d13c
In base 8, what is 1266571 + 163?
1266754
In base 7, what is -14566 - 6351?
-24250
In base 4, what is -210122310 - -1?
-210122303
In base 16, what is -1a0f2b + 3?
-1a0f28
In base 5, what is 301410130 + 14?
301410144
In base 15, what is 2 + -4ee687?
-4ee685
In base 3, what is -2 - -20200220020101?
20200220020022
In base 2, what is -111010000 + 111111111111100?
111111000101100
In base 2, what is -111111101 + 100001010111100?
100000010111111
In base 8, what is 16014 - -1101?
17115
In base 8, what is -3417262 + -5?
-3417267
In base 5, what is 2 - 10204240031?
-10204240024
In base 4, what is 200231 - -3112332?
3313223
In base 5, what is -124430120 - -4221?
-124420344
In base 9, what is -53704510 - 5?
-53704515
In base 5, what is 2 - 300201101221?
-300201101214
In base 4, what is -330 + 113122130?
113121200
In base 2, what is 10 + -111111110011110000000?
-111111110011101111110
In base 14, what is a7d - 22?
a5b
In base 4, what is 1032010223113 - 1?
1032010223112
In base 13, what is -6379a7 + 8?
-63799c
In base 16, what is 3 + -23c6400?
-23c63fd
In base 5, what is 1042 - 224234342?
-224233300
In base 16, what is 2e89 + dfe1?
10e6a
In base 8, what is 134036 - -557?
134615
In base 2, what is 1011000010010110 - 10101000001?
1010101101010101
In base 2, what is 100110001 - 10100110010000000?
-10100101101001111
In base 10, what is 0 + 16771621?
16771621
In base 12, what is 101 - 22233?
-22132
In base 2, what is -10110 - -100101111111010110011?
100101111111010011101
In base 5, what is -1102120023 + 1021?
-1102114002
In base 12, what is -80 - 23b3a?
-23bba
In base 6, what is 5545031 + -2014?
5543013
In base 14, what is -b3d3c7 - 1?
-b3d3c8
In base 10, what is -18437 - 24080?
-42517
In base 3, what is -101 + 10002201122212?
10002201122111
In base 16, what is -294281 + 2?
-29427f
In base 2, what is 1110000101 - 101010110001010111001?
-101010101111100110100
In base 9, what is 587 + -26502?
-25804
In base 12, what is 10a8b + 289?
11158
In base 16, what is -519a - -b4c?
-464e
In base 11, what is 3 + -13a4496?
-13a4493
In base 5, what is 21042022 + -222?
21041300
In base 2, what is 100111000001001000100 - -1111?
100111000001001010011
In base 3, what is -2002021 + 210120001?
201110210
In base 12, what is -7a56 - -1a27?
-602b
In base 10, what is -435114 + -152?
-435266
In base 6, what is -3013132 - -4333?
-3004355
In base 8, what is 5 - 46122277?
-46122272
In base 7, what is -464 + 225633?
225136
In base 4, what is -2020332 - -321011?
-1033321
In base 13, what is 144c - 4a?
1402
In base 14, what is -574ac4 + 2?
-574ac2
In base 4, what is 10332201232 + -1112?
10332200120
In base 12, what is 1638a40a + 3?
1638a411
In base 10, what is -1456 - 2033?
-3489
In base 14, what is 83ab - c72?
7539
In base 10, what is 99916 + -171?
99745
In base 10, what is 104 - -117737?
117841
In base 5, what is -10443140 - 20203?
-11013343
In base 10, what is 1407 + 8186?
9593
In base 3, what is 121120222101 + 1221?
121121001022
In base 13, what is 4 - -71058?
7105c
In base 14, what is -b2039865 - -5?
-b2039860
In base 4, what is 2003030 + 301330?
2311020
In base 6, what is -4004332 + -2015?
-4010351
In base 12, what is -210344 + -1184?
-211508
In base 15, what is 2 - -b1b5a5?
b1b5a7
In base 13, what is -2 - -1065267?
1065265
In base 3, what is 22210 + -101022220?
-101000010
In base 7, what is -1114 - -245155?
244041
In base 10, what is 5752 + -272?
5480
In base 6, what is -5 - 410253455?
-410253504
In base 10, what is 17398 - -1134?
18532
In base 4, what is -3 + -1031231222300?
-1031231222303
In base 11, what is -9832247 + 2?
-9832245
In base 7, what is -33 - -10044043?
10044010
In base 11, what is -2a17 - -14878?
11961
In base 4, what is -22201003021 + 1?
-22201003020
In base 5, what is -14311422241 + 132?
-14311422104
In base 5, what is -2030 + -111033312?
-111040342
In base 6, what is -1131323 - -40001?
-1051322
In base 2, what is -110111100101101000 - 0?
-110111100101101000
In base 16, what is 8711e - -6?
87124
In base 6, what is -2 - 55112312?
-55112314
In base 2, what is 100110010 + -1110100100110?
-1101111110100
In base 2, what is -10 - -1100001100001010010101000?
1100001100001010010100110
In base 14, what is 1d + -1d1c6?
-1d1a7
In base 12, what is -12 + -25812a0?
-25812b2
In base 7, what is 3206 - -13136?
16345
In base 10, what is 2672 - -83580?
86252
In base 12, what is -10 - -2043a35?
2043a25
In base 14, what is -22da - -2809?
50d
In base 10, what is -1 - 5504887?
-5504888
In base 7, what is 215411264 + 1?
215411265
In base 12, what is 8a516 + -815?
89901
In base 10, what is 4 - 452530?
-452526
In base 3, what is -1101 + 1002221121002?
1002221112201
In base 10, what is 77794324 - -4?
77794328
In base 2, what is -100 + 100110100001111001100001?
1001101